{"id":19,"date":"2020-07-20T18:26:19","date_gmt":"2020-07-20T18:26:19","guid":{"rendered":"http:\/\/claudiocosta.com.ar\/?page_id=19"},"modified":"2026-02-08T00:57:28","modified_gmt":"2026-02-08T00:57:28","slug":"about","status":"publish","type":"page","link":"https:\/\/claudiocosta.com.ar\/?page_id=19","title":{"rendered":"Nosotros"},"content":{"rendered":"\n<p>Somos una <strong>Consultora &#8220;Boutique<\/strong>&#8221; que se especializa en un nicho muy espec\u00edfico del mercado, priorizando la calidad y la personalizaci\u00f3n por encima del volumen de clientes o el tama\u00f1o de la estructura.<\/p>\n\n\n\n<p><strong>Nuestros Pilares<\/strong>:<\/p>\n\n\n\n<ul class=\"wp-block-list\">\n<li>Especializaci\u00f3n Extrema (Nicho)<\/li>\n\n\n\n<li>Atenci\u00f3n por \u201cSeniors\u201d<\/li>\n\n\n\n<li>Personalizaci\u00f3n y Flexibilidad<\/li>\n\n\n\n<li>Relaci\u00f3n Cercana (Partnership)<\/li>\n<\/ul>\n\n\n\n<p><strong>Esto nos permite<\/strong><\/p>\n\n\n\n<ul class=\"wp-block-list\">\n<li>Contar con agilidad, toma de decisiones r\u00e1pidas y adaptaci\u00f3n al cambio, sin burocracia.<\/li>\n\n\n\n<li>Un alto enfoque y conocimiento (Especializaci\u00f3n)<\/li>\n\n\n\n<li>Que el trabajo sea realizado por consultores Seniors o los propios socios (experiencia directa del experto).<\/li>\n\n\n\n<li>Brindar un trato altamente personalizado y a medida de la cultura del cliente.<\/li>\n\n\n\n<li>Ofrecer un costo basado en el valor estrat\u00e9gico y la especializaci\u00f3n<\/li>\n<\/ul>\n\n\n\n<figure class=\"wp-block-image size-full is-resized\"><img loading=\"lazy\" decoding=\"async\" width=\"582\" height=\"220\" src=\"https:\/\/claudiocosta.com.ar\/wp-content\/uploads\/2026\/02\/panel.jpg\" alt=\"\" class=\"wp-image-664\" style=\"width:820px;height:auto\" srcset=\"https:\/\/claudiocosta.com.ar\/wp-content\/uploads\/2026\/02\/panel.jpg 582w, https:\/\/claudiocosta.com.ar\/wp-content\/uploads\/2026\/02\/panel-300x113.jpg 300w\" sizes=\"auto, (max-width: 582px) 100vw, 582px\" \/><\/figure>\n\n\n\n<figure class=\"wp-block-image size-large\"><img loading=\"lazy\" decoding=\"async\" width=\"131\" height=\"195\" src=\"https:\/\/claudiocosta.com.ar\/wp-content\/uploads\/2020\/08\/CC-NVA-2a.jpg\" alt=\"\" class=\"wp-image-390\"\/><\/figure>\n\n\n\n<p>Claudio Costa (CEO)<\/p>\n\n\n\n<h2 class=\"wp-block-heading\"><span class=\"has-inline-color has-vivid-red-color\">\u00bfPor qu\u00e9 elegirnos?<\/span><\/h2>\n\n\n\n<ul class=\"wp-block-list\">\n<li><strong><span class=\"has-inline-color has-vivid-red-color\">EXPERIENCIA<\/span><\/strong>: Poseemos experiencia a nivel nacional e internacional&nbsp; (desarrollamos actividades en diferentes pa\u00edses, como ser Argentina, Italia, Estados Unidos, Dinamarca, Panam\u00e1, Puerto Rico, Paraguay, Suiza, Brasil, Colombia, Honduras, Chile, Costa Rica, Espa\u00f1a, etc.)<\/li>\n\n\n\n<li><strong><span class=\"has-inline-color has-vivid-red-color\">IMPULSO<\/span><\/strong>: Su compa\u00f1\u00eda recibe un impulso que la ayuda a acelerar su propio desarrollo organizacional<\/li>\n\n\n\n<li><strong><span class=\"has-inline-color has-vivid-red-color\">OBJETIVIDAD<\/span><\/strong>: Aportamos un punto de vista externo que le permite visualizar objetivamente los resultados a corto, mediano y largo plazo<\/li>\n\n\n\n<li><strong><span class=\"has-inline-color has-vivid-red-color\">MEJORA<\/span><\/strong>: La empresa detecta y modifica los paradigmas organizacionales que le impidieron mejorar su posici\u00f3n competitiva<\/li>\n\n\n\n<li><strong><span class=\"has-inline-color has-vivid-red-color\">PROFESIONALIDAD<\/span><\/strong>: La empresa cuenta con un consultor imparcial y profesional que lo cuida y lo apoya<\/li>\n<\/ul>\n\n\n\n<p>Nuestro CEO (Claudio Costa), con <strong>m\u00e1s de 25 a\u00f1os de experiencia en el \u00e1rea de tecnolog\u00eda y m\u00e1s de 15 en sistemas de gesti\u00f3n<\/strong>, es un <strong>consultor, asesor, auditor y capacitador<\/strong> italo-argentino.<\/p>\n\n\n\n<p><strong>Experto en Seguridad de la Informaci\u00f3n (ISO-IEC 27001) <\/strong>Informations-Sicherheits-Fachkraft \/ DGQ (Deutsche Qualit\u00e4t e.V.) &#8211; Alemania;&nbsp;&nbsp;<\/p>\n\n\n\n<p><strong>Auditor L\u00edder en Sistemas de Gesti\u00f3n de la Calidad <\/strong>(IRCA &#8211; Registro Internacional de Auditores Certificados, Reino Unido);<\/p>\n\n\n\n<p><strong>Calificado por el OAA (Organismo Argentino de Acreditaci\u00f3n)<\/strong>, como: <\/p>\n\n\n\n<p><em>\u2022\u00a0 <strong>Experto T\u00e9cnico de\u00a0Organismos de Certificaci\u00f3n de Sistemas de Gesti\u00f3n de Calidad<\/strong>\u00a0para el campo de competencia IAF 33 (Tecnolog\u00eda de la informaci\u00f3n)<\/em><\/p>\n\n\n\n<p><em>\u2022\u00a0 <strong>Experto T\u00e9cnico de\u00a0Organismos de Certificaci\u00f3n de Sistemas de Gesti\u00f3n Ambiental<\/strong>\u00a0para el campo de competencia IAF 33 (Tecnolog\u00eda de la informaci\u00f3n)<\/em><\/p>\n\n\n\n<p><em>\u2022\u00a0 <strong>Experto T\u00e9cnico de\u00a0Organismos de Certificaci\u00f3n de Sistemas de Seguridad y Salud en el Trabajo<\/strong> para el campo de competencia IAF 33 (Tecnolog\u00eda de la informaci\u00f3n)<\/em><\/p>\n\n\n\n<p><em>\u2022\u00a0 <strong>Experto T\u00e9cnico de\u00a0Organismos de Certificaci\u00f3n de Sistemas de Gesti\u00f3n de Seguridad de la Informaci\u00f3n<\/strong><\/em><\/p>\n\n\n\n<p><strong>Auditor Interno en Sistemas de Gesti\u00f3n de Seguridad de la Informaci\u00f3n<\/strong>;<\/p>\n\n\n\n<p><strong>Especialista T\u00e9cnico en Comunicaciones <\/strong>(Escuela Superior P.F.A.);&nbsp; y<\/p>\n\n\n\n<p><strong>CNTA <\/strong>&#8211; Administrador de red certificado (Callware Technologies).<\/p>\n\n\n\n<p><strong>Evaluador T\u00e9cnico Externo <\/strong>de proyectos en FONTAR (Fondo Tecnol\u00f3gico Argentino); FONSOFT (Fondo Fiduciario para la Promoci\u00f3n de la Industria del Software); y COFECYT (Consejo Federal de Ciencia y Tecnolog\u00eda).<\/p>\n\n\n\n<p>Es <strong>T\u00e9cnico Electr\u00f3nico en Telecomunicaciones, Analista de Sistemas <\/strong>y posee una <strong>Licenciatura en Administraci\u00f3n de Empresas<\/strong>.<\/p>\n\n\n\n<p>A lo largo de los a\u00f1os, ocup\u00f3 distintos cargos, como ser:<\/p>\n\n\n\n<p><strong>Presidente del Grupo STN de Soporte Tecnol\u00f3gico para la Normalizaci\u00f3n en COPANT<\/strong> (Comisi\u00f3n Panamericana de Normas) (2009 a 2014)&nbsp;<\/p>\n\n\n\n<p><strong>Miembro del Subcomit\u00e9 de Seguridad de la Informaci\u00f3n (IRAM)&nbsp; <\/strong>(2002 a 2014). Habiendo incluso participado en el estudio de la Norma IRAM-ISO-IEC 27001<\/p>\n\n\n\n<p><strong>Miembro del ISO-ITSIG <\/strong>(2004 a 2010). El <strong>Grupo de Implementaci\u00f3n Estart\u00e9gica de Tecnolog\u00eda de la Informaci\u00f3n (ITSIG)<\/strong> fue un <strong>grupo asesor del Consejo Directivo de la ISO<\/strong>,&nbsp; cuya misi\u00f3n era abordar, coordinar y monitorear las iniciativas de Tecnolog\u00eda de la Informaci\u00f3n (TI) en todo el sistema ISO.<\/p>\n\n\n\n<p><strong>Gerente de TI en el IRAM (Instituto Argentino de Normalizaci\u00f3n y Certificaci\u00f3n)<\/strong> (1997 a 2014). Impuls\u00f3 durante m\u00e1s de 17 a\u00f1os los destinos tecnol\u00f3gicos de IRAM, miembro de organizaciones como ISO; COPANT y AMN (entre otros), habi\u00e9ndole esto proporcionado conocimientos que van m\u00e1s all\u00e1 de lo puramente t\u00e9cnico. Conocimiento empresarial, las actividades de los NSB (National Standards Bodies) y sus interacciones.<br>Mantuvo estrecho contacto a trav\u00e9s de los a\u00f1os con otros NSB, representando a la Argentina en organizaciones como ISO (durante 6 a\u00f1os consecutivos como miembro de ITSIG -Grupo de Implementaci\u00f3n Estrat\u00e9gica de Tecnolog\u00eda de la Informaci\u00f3n-) y COPANT (como Presidente del Grupo STN \/ NTS &#8211; Soporte Tecnol\u00f3gico a la Normalizaci\u00f3n -, durante m\u00e1s de 5 a\u00f1os) le permiti\u00f3 identificar fortalezas, debilidades, necesidades, limitaciones y otras peculiaridades de los diversos organismos nacionales de normalizaci\u00f3n e implementar acciones tendientes al desarrollo y equiparaci\u00f3n de los mismos .<\/p>\n\n\n\n<p><strong>Miembro de Comit\u00e9s de Selecci\u00f3n del Ministerio de Ciencia, Tecnolog\u00eda e Innovaci\u00f3n Productiva<\/strong> (2015 &#8211; 2017)<\/p>\n\n\n\n<p>A lo largo de los a\u00f1os, ha representado a Argentina y organizaciones a las que ha pertenecido, ejerciendo diferentes funciones (Presidente, Miembro, Profesor Titular, Instructor, Profesor Invitado, Profesor, Profesor Visitante, Auditor, etc.), en actividades de cooperaci\u00f3n t\u00e9cnica, estandarizaci\u00f3n. , transferencia de tecnolog\u00eda, etc., en diferentes pa\u00edses como Suiza, Italia, EE. UU., Espa\u00f1a, Dinamarca, Panam\u00e1, Puerto Rico, Brasil, Costa Rica, Argentina, Colombia, Chile, Honduras, Paraguay, Uruguay, Bolivia, etc.<\/p>\n\n\n\n<figure class=\"wp-block-image size-large\"><img loading=\"lazy\" decoding=\"async\" width=\"844\" height=\"59\" src=\"https:\/\/claudiocosta.com.ar\/wp-content\/uploads\/2021\/02\/tita-banderas-3-1.jpg\" alt=\"\" class=\"wp-image-570\" srcset=\"https:\/\/claudiocosta.com.ar\/wp-content\/uploads\/2021\/02\/tita-banderas-3-1.jpg 844w, https:\/\/claudiocosta.com.ar\/wp-content\/uploads\/2021\/02\/tita-banderas-3-1-300x21.jpg 300w, https:\/\/claudiocosta.com.ar\/wp-content\/uploads\/2021\/02\/tita-banderas-3-1-768x54.jpg 768w\" sizes=\"auto, (max-width: 844px) 100vw, 844px\" \/><\/figure>\n\n\n\n<p>Ha promovido en las \u00faltimas d\u00e9cadas, la cooperaci\u00f3n con diversas organizaciones europeas y americanas y organismos internacionales.<\/p>\n\n\n\n<h2 class=\"wp-block-heading\"><strong><span class=\"has-inline-color has-vivid-red-color\">Algunas de las organizaciones a las que hemos acompa\u00f1ado<\/span><\/strong><\/h2>\n\n\n\n<figure class=\"wp-block-image size-large\"><img loading=\"lazy\" decoding=\"async\" width=\"765\" height=\"564\" src=\"https:\/\/claudiocosta.com.ar\/wp-content\/uploads\/2021\/05\/KH.jpg\" alt=\"\" class=\"wp-image-638\" srcset=\"https:\/\/claudiocosta.com.ar\/wp-content\/uploads\/2021\/05\/KH.jpg 765w, https:\/\/claudiocosta.com.ar\/wp-content\/uploads\/2021\/05\/KH-300x221.jpg 300w\" sizes=\"auto, (max-width: 765px) 100vw, 765px\" \/><\/figure>\n\n\n\n<div class=\"wp-block-group\"><div class=\"wp-block-group__inner-container is-layout-flow wp-block-group-is-layout-flow\"><\/div><\/div>\n\n\n\n<p><\/p>\n","protected":false},"excerpt":{"rendered":"<p>Somos una Consultora &#8220;Boutique&#8221; que se especializa en un nicho muy espec\u00edfico del mercado, priorizando la calidad y la personalizaci\u00f3n por encima del volumen de clientes o el tama\u00f1o de la estructura. Nuestros Pilares: Esto nos permite Claudio Costa (CEO) \u00bfPor qu\u00e9 elegirnos? Nuestro CEO (Claudio Costa), con m\u00e1s de 25 a\u00f1os de experiencia en<\/p>\n","protected":false},"author":1,"featured_media":0,"parent":0,"menu_order":0,"comment_status":"closed","ping_status":"closed","template":"","meta":{"footnotes":""},"class_list":["post-19","page","type-page","status-publish","hentry"],"_links":{"self":[{"href":"https:\/\/claudiocosta.com.ar\/index.php?rest_route=\/wp\/v2\/pages\/19","targetHints":{"allow":["GET"]}}],"collection":[{"href":"https:\/\/claudiocosta.com.ar\/index.php?rest_route=\/wp\/v2\/pages"}],"about":[{"href":"https:\/\/claudiocosta.com.ar\/index.php?rest_route=\/wp\/v2\/types\/page"}],"author":[{"embeddable":true,"href":"https:\/\/claudiocosta.com.ar\/index.php?rest_route=\/wp\/v2\/users\/1"}],"replies":[{"embeddable":true,"href":"https:\/\/claudiocosta.com.ar\/index.php?rest_route=%2Fwp%2Fv2%2Fcomments&post=19"}],"version-history":[{"count":62,"href":"https:\/\/claudiocosta.com.ar\/index.php?rest_route=\/wp\/v2\/pages\/19\/revisions"}],"predecessor-version":[{"id":667,"href":"https:\/\/claudiocosta.com.ar\/index.php?rest_route=\/wp\/v2\/pages\/19\/revisions\/667"}],"wp:attachment":[{"href":"https:\/\/claudiocosta.com.ar\/index.php?rest_route=%2Fwp%2Fv2%2Fmedia&parent=19"}],"curies":[{"name":"wp","href":"https:\/\/api.w.org\/{rel}","templated":true}]}}